 n. List the prime factors of 154/k + 3/9.
2, 13
Let m(b) = -3*b - 7. Let h be m(-4). Suppose -5*q + 4*q = -h*s + 20, -s = -5*q - 4. Suppose q = -3*k + 74 + 142. What are the prime factors of k?
2, 3
Let p(r) = 6*r**3 - 2*r**2 + 2*r - 1. Let x be p(1). Suppose -15 = x*i, 5*m - 2*i = -i + 183. List the prime factors of m.
2, 3
Suppose -f + 258 = -834. List the prime factors of f.
2, 3, 7, 13
Let k be ((-5 - -5) + 1)*313. Suppose -m = 2*i - k, 3*i = -2*i + 2*m + 778. What are the prime factors of i?
2, 3, 13
Let c = 33 - 34. What are the prime factors of 522/(-72)*(-7 + c)?
2, 29
Let p = -44 + 33. Let t(g) = -g**3 - 11*g**2 - 4*g + 36. List the prime factors of t(p).
2, 5
Let n be 4 + -2 + 20 + -4. Let b(p) = p**2 + 4*p + 2. Let w be b(-4). Suppose -w*j + n + 28 = 0. What are the prime factors of j?
23
Let t(q) = 116*q**2 - 86*q - 271. List the prime factors of t(-3).
1031
Suppose -5*l = -2*r + 1647, -r + 254 = -l - 562. List the prime factors of r.
811
Let j be 4 + 267/(-6)*-2. Let g = 134 - j. What are the prime factors of g?
41
Suppose 0 = -3*c - 5*s + 2*s - 126, -2*c + 2*s - 72 = 0. Let v = -12 - c. Suppose -v = 2*y - 3*y. What are the prime factors of y?
3
Suppose -2*n + 5*v - 1 = 0, n + 2 = -v + 19. Suppose 3*a + n = -0*a, -2*a - 8 = 5*b. Suppose b = -2*k - k + 9. List the prime factors of k.
3
Let l(f) = -f**3 + 9*f**2 + 16*f + 14. Let s be l(10). Suppose -s*n = -78*n + 904. List the prime factors of n.
2, 113
Suppose 4*o + 5 = 13. List the prime factors of 3115/25 - (-6)/(-10) - o.
2, 61
Suppose 2*h = h + 16. Suppose 0 = -4*a - h, 2*x - 74 = 3*a + 18. What are the prime factors of 224/x + (-3)/5?
5
Let y(u) = 3*u**2 + 6*u + 16. Let n(d) = 2*d**2 + 5*d + 15. Let q(x) = -6*n(x) + 5*y(x). List the prime factors of q(5).
5, 13
Let d be (-146)/(-12) + 6/(-36). Let i(y) = -9 - y**3 - y**3 - 10*y**2 - d*y + y**3. List the prime factors of i(-9).
2, 3
Let n = -99 + 102. Suppose n*o = 10*o - 1680. List the prime factors of o.
2, 3, 5
Suppose g - 45 = 58. Suppose 5*w - g = p + p, -3*w - 5*p = -68. List the prime factors of 7/w + (-82)/(-6).
2, 7
Suppose 5*n - 19009 = -3*o, -n - o + 3000 + 801 = 0. What are the prime factors of n?
3803
Let k(w) = 4*w + w + w**2 - 4 - 9*w. What are the prime factors of k(15)?
7, 23
Suppose -23*j = -9606 - 8610. What are the prime factors of j?
2, 3, 11
Suppose -10*n + 9*n = 19. Let z be 1 + 3/(9/(-51)). Let m = z - n. List the prime factors of m.
3
Let v(m) = -m**2 - 24*m. Let f be v(-12). Suppose -4*o - 2*c = -126, 5*o - 2*c - f = -0*c. What are the prime factors of o?
2, 3, 5
Suppose -11*f = -3*f - 3800. Suppose -30*y - f = -35*y. List the prime factors of y.
5, 19
Let w(d) = -d**3 - 16*d**2 - 16*d - 18. Let i be w(-15). List the prime factors of (-2)/i - (-488)/6.
2, 41
Let u(m) = -m + 13. Let c be u(9). Let o(r) = 2*r**3 - 2*r**2 + 5*r. List the prime factors of o(c).
2, 29
Let r(v) = v**2 - v - 1. Let z(y) = y**3 - 7*y**2 + 5*y + 7. Let g(k) = 4*r(k) - z(k). Let m be g(10). Let x = m + 37. What are the prime factors of x?
2, 3
Let l(t) = -t**2 - 2*t + 2. Let d be l(-2). Suppose -4*a - 24 = 5*p, -d*a + p - 24 = 2*a. Let n = 23 + a. What are the prime factors of n?
17
Let q(s) = -7*s + 6. Let j(f) = -f**3 - 10*f**2 - 9*f - 6. Let k be j(-9). Let v be (-1)/2 + 39/k. List the prime factors of q(v).
5, 11
Let f(u) = 53*u - 6. Let t be f(-3). Let y = t + 275. What are the prime factors of y?
2, 5, 11
Let k = -6 + 117. List the prime factors of k.
3, 37
What are the prime factors of (-7190)/20*(3 + 15/(-3))?
719
Suppose -134 = -2*j + 464. List the prime factors of j.
13, 23
Let t(r) = -r**3 + 16*r**2 + r - 12. Let g be t(16). Suppose -3*z - w = -3*w - 22, 0 = -5*z - g*w + 66. Let b(a) = 3*a - 14. What are the prime factors of b(z)?
2
Let c = 4490 + -2676. List the prime factors of c.
2, 907
What are the prime factors of 1535 + -3*30/(-18)*-1?
2, 3, 5, 17
Suppose 2*b + 1460 = 414. Let i = b - -819. What are the prime factors of i?
2, 37
Let t be (-316)/(-16) - 1/(-4). Suppose -3*c = c - t. Suppose -4*l + 2*a + 80 = 0, c*l + 2*a - 3*a = 100. List the prime factors of l.
2, 5
List the prime factors of (106/10)/(55/825).
3, 53
Let k = 101 - 98. Suppose 4*c + 3*l = 27, 0*c - l = -5*c + 10. Suppose -45 = -2*t + y, t + c*t - k*y - 87 = 0. List the prime factors of t.
2, 3
Let y = -107 - -106. Let g(l) = -155*l + 3. What are the prime factors of g(y)?
2, 79
Let o(m) = -35*m - 2. Let v be o(-1). Suppose -4*l + 5*h + 51 = 0, 3*l - l = -5*h + v. List the prime factors of l.
2, 7
Let b = -27 - -35. Suppose -b*x + 415 = -129. What are the prime factors of x?
2, 17
Suppose 3*r - 4*r + a + 2 = 0, 0 = 2*a - 2. Suppose -5*h = -5*n - 150, 2*h - 88 = r*n - 0*n. Let j = n + 50. What are the prime factors of j?
2, 11
Let y be (10/(-5))/1 - (-1 - 0). What are the prime factors of (1/y)/((-4)/244)?
61
Suppose -24*q = -49*q + 62200. What are the prime factors of q?
2, 311
Suppose -15*r = -9*r - 948. What are the prime factors of r?
2, 79
Suppose 2*a + 232 = 4*u, 192 + 108 = 5*u - 5*a. Let o be (-26)/(-7) + 16/u. Suppose -2*d - 1 = -o*d - 5*h, 2*d - 13 = -h. List the prime factors of d.
2
Let h(g) = -g**2 + 32*g + 32. Let y be h(33). What are the prime factors of ((-285)/(-30))/(y/(-12))?
2, 3, 19
Let u(s) = s**2 + 12*s + 17. Let p be u(-7). What are the prime factors of (1/(p/1236))/(4/(-6))?
103
Let a = -6 + 12. Let q(d) = -1 + 3*d + d - a*d. What are the prime factors of q(-7)?
13
Let o = -1161 + 1860. What are the prime factors of o?
3, 233
Let p = -860 - -1895. List the prime factors of p.
3, 5, 23
Suppose 2*s = -0*s - 3*s. Suppose 2*d + 3*d - 505 = s. What are the prime factors of d?
101
Suppose 2*w = -b + 277, 540 + 4 = 4*w + 4*b. List the prime factors of w.
3, 47
Let p be (3/6)/(2/(-268)). Let h(k) = k**2 - 13*k + 11. Let s be h(5). Let d = s - p. List the prime factors of d.
2, 19
Let w(b) = -b - 6. Let a(c) = c + 7. Let n(p) = 5*a(p) + 6*w(p). Let l be n(-3). Suppose -l*o = 5*s - 4, -3*o + 2*s + 19 = -25. List the prime factors of o.
2, 3
Suppose 3*t - 4 = 68. What are the prime factors of 8/t - 161/(-3)?
2, 3
Suppose 0 = -5*f + 20, 493 = -0*u + u - f. What are the prime factors of u?
7, 71
Suppose 31 = -w + 5*l - 0*l, 3*l - 12 = 0. Let z = w - -33. What are the prime factors of z?
2, 11
Suppose 0 = -9*o + 3096 + 2799. What are the prime factors of o?
5, 131
Suppose 2*b = -2*c + 346, 0*b = 5*c - 4*b - 829. What are the prime factors of c?
13
Let x be 1*(-6)/(-4 + 2). Let t be x*(240/9)/5. Suppose t = 6*m - 4*m. List the prime factors of m.
2
Suppose 3*z - 1529 = -542. What are the prime factors of z?
7, 47
Let y be -10*(2 - (-28)/(-8))/3. Suppose y*s = 214 - 34. What are the prime factors of s?
2, 3
Let h = -17 - 7. Let b = h + 29. What are the prime factors of b?
5
Let m(l) = -45*l - 91. What are the prime factors of m(-18)?
719
List the prime factors of ((-652)/(2/(-2)))/(8 + -6).
2, 163
List the prime factors of ((-14)/6)/(5880/1962 - 3).
7, 109
Let t = -164 - -284. Suppose -h - 237 = -3*h + 3*x, -h + 3*x + t = 0. List the prime factors of h.
3, 13
What are the prime factors of 11660/8 - ((-8)/(-16) - 1)?
2, 3
Let a be (-5 + -32)/((-3)/57). Suppose 437 + a = 5*j. List the prime factors of j.
2, 3, 19
Let a(q) = q + 2. Let o be a(-3). Let c be 120/9 + o/3. Suppose 3*f - 4*r - 18 = 0, -2*f + c = -3*f - 5*r. What are the prime factors of f?
2
Let v(r) = 16*r**2 - 4*r. Let n(x) = 3*x - 8. Let d be n(2). List the prime factors of v(d).
2, 3
Suppose 11*q = -20*q + 6572. List the prime factors of q.
2, 53
Let k(u) = 2*u**3 + 14*u**2 - 7*u + 19. What are the prime factors of k(10)?
17, 197
Suppose -3*z + 185 = 2*o, -11*z = 3*o - 9*z - 290. Suppose 2*u = l + o, -u = -5*l - 57 + 7. List the prime factors of u.
2, 5
Let g = 272 + -14. What are the prime factors of g?
2, 3, 43
Let r = 8 - 6. Suppose r = -t, 0*a - 3*a = -3*t - 144. Let h = a + -18. List the prime factors of h.
2, 7
Suppose 2*g = -3*g - 5. Let c(r) be the third derivative of 9*r**5/10 - r**4/12 - r**3/3 - 9*r**2 + 1. List the prime factors of c(g).
2, 3
Let t(c) = -36*c + 134. What are the prime factors of t(-12)?
2, 283
Let k(b) = b**3 - 6*b**2 + 7*b + 6. List the prime factors of k(6).
2, 3
Suppose -5*h - 17 - 6 = t, 6 = -2*t - 2*h. List the prime factors of 41 - 4/t*-